actor of 102?
True
Does 21 divide 8479?
False
Is 24 a factor of 780?
False
Is 6 a factor of 75226?
False
Is 835 a multiple of 42?
False
Is 20 a factor of 1760?
True
Is 30800 a multiple of 88?
True
Is 58623 a multiple of 11?
False
Is 46 a factor of 4090?
False
Is 24 a factor of 18792?
True
Is 1104 a multiple of 12?
True
Is 61 a multiple of 2?
False
Is 86 a factor of 41022?
True
Does 18 divide 73742?
False
Is 6 a factor of 661?
False
Is 34 a factor of 1870?
True
Is 32 a factor of 416?
True
Does 5 divide 1290?
True
Is 27 a factor of 6511?
False
Is 372 a multiple of 31?
True
Does 13 divide 351?
True
Is 70828 a multiple of 113?
False
Is 164 a factor of 1968?
True
Is 55 a factor of 22330?
True
Is 5 a factor of 10018?
False
Does 42 divide 115416?
True
Is 4070 a multiple of 74?
True
Is 1597 a multiple of 3?
False
Is 186 a factor of 21762?
True
Is 17 a factor of 5202?
True
Is 2387 a multiple of 11?
True
Does 33 divide 3168?
True
Is 170 a multiple of 3?
False
Is 64 a factor of 3462?
False
Is 112 a factor of 6469?
False
Is 3404 a multiple of 92?
True
Is 11 a factor of 7071?
False
Is 7 a factor of 79674?
True
Is 47 a factor of 33442?
False
Is 3861 a multiple of 39?
True
Is 150 a multiple of 30?
True
Does 26 divide 1144?
True
Is 9 a factor of 846?
True
Is 40086 a multiple of 9?
True
Is 6 a factor of 7128?
True
Is 44 a factor of 1320?
True
Does 48 divide 62208?
True
Is 16500 a multiple of 100?
True
Is 10640 a multiple of 19?
True
Is 7 a factor of 49?
True
Is 2250 a multiple of 45?
True
Is 21 a factor of 840?
True
Is 5774 a multiple of 6?
False
Is 5676 a multiple of 11?
True
Does 2 divide 150?
True
Is 69 a factor of 621?
True
Is 581 a multiple of 41?
False
Does 13 divide 356?
False
Is 39 a factor of 6959?
False
Is 15 a factor of 2985?
True
Is 120 a multiple of 8?
True
Is 16624 a multiple of 86?
False
Does 45 divide 418?
False
Does 71 divide 17340?
False
Is 48108 a multiple of 57?
True
Does 41 divide 1443?
False
Does 4 divide 816?
True
Is 849 a multiple of 11?
False
Does 53 divide 51117?
False
Does 28 divide 2632?
True
Is 37 a factor of 56684?
True
Is 56 a factor of 70840?
True
Does 98 divide 6834?
False
Is 4956 a multiple of 59?
True
Does 15 divide 9866?
False
Is 15 a factor of 9814?
False
Does 93 divide 22382?
False
Is 41267 a multiple of 13?
False
Is 902 a multiple of 11?
True
Is 3073 a multiple of 13?
False
Is 37 a factor of 1567?
False
Is 8556 a multiple of 62?
True
Is 34434 a multiple of 39?
False
Is 896 a multiple of 30?
False
Is 903 a multiple of 43?
True
Is 23 a factor of 1582?
False
Is 8 a factor of 673?
False
Does 21 divide 21798?
True
Is 15611 a multiple of 5?
False
Is 352 a multiple of 44?
True
Is 2 a factor of 3905?
False
Is 125617 a multiple of 21?
False
Is 139 a factor of 392?
False
Does 22 divide 2486?
True
Does 6 divide 60?
True
Is 780 a multiple of 78?
True
Does 15 divide 1440?
True
Is 109 a factor of 3745?
False
Is 3961 a multiple of 19?
False
Is 16 a factor of 31230?
False
Is 1556 a multiple of 6?
False
Is 252 a factor of 56448?
True
Is 1315 a multiple of 13?
False
Is 145 a factor of 2829?
False
Is 259 a factor of 518?
True
Does 16 divide 672?
True
Does 17 divide 13957?
True
Is 24 a factor of 2025?
False
Is 49941 a multiple of 93?
True
Does 18 divide 11106?
True
Does 27 divide 13711?
False
Is 85 a factor of 32872?
False
Is 624 a multiple of 40?
False
Is 8063 a multiple of 36?
False
Does 24 divide 7580?
False
Is 1035 a multiple of 4?
False
Is 2753 a multiple of 10?
False
Is 64 a factor of 3584?
True
Does 61 divide 14685?
False
Does 19 divide 51870?
True
Is 19 a factor of 6624?
False
Is 5768 even?
True
Does 43 divide 4558?
True
Does 67 divide 18961?
True
Is 90 a factor of 10260?
True
Does 6 divide 105?
False
Is 118 a factor of 30433?
False
Is 369 a multiple of 76?
False
Does 36 divide 1715?
False
Does 12 divide 746?
False
Does 34 divide 1633?
False
Is 156 a factor of 50532?
False
Is 44 a factor of 2719?
False
Does 13 divide 1261?
True
Is 165 a factor of 3121?
False
Is 205 a factor of 28700?
True
Does 6 divide 275?
False
Does 29 divide 23077?
False
Does 125 divide 7266?
False
Does 13 divide 897?
True
Is 36 a multiple of 3?
True
Is 37 a factor of 1887?
True
Does 13 divide 2340?
True
Is 4 a factor of 9578?
False
Is 20640 a multiple of 20?
True
Is 59 a factor of 6136?
True
Is 34751 a multiple of 45?
False
Does 43 divide 14135?
False
Is 112 a factor of 2128?
True
Is 1061 a multiple of 4?
False
Is 7347 a multiple of 84?
False
Does 11 divide 2310?
True
Is 59 a factor of 1019?
False
Is 3404 a multiple of 4?
True
Does 102 divide 204?
True
Is 717 a multiple of 26?
False
Is 4821 a multiple of 59?
False
Is 1786 a multiple of 9?
False
Is 552 a multiple of 21?
False
Does 11 divide 781?
True
Does 19 divide 494?
True
Is 8422 a multiple of 40?
False
Does 32 divide 6761?
False
Is 12 a factor of 187?
False
Does 6 divide 264?
True
Does 28 divide 2886?
False
Does 124 divide 1860?
True
Is 5642 a multiple of 36?
False
Does 129 divide 81512?
False
Is 9828 a multiple of 108?
True
Is 11 a factor of 815?
False
Does 236 divide 57112?
True
Is 260 a multiple of 10?
True
Is 24 a factor of 480?
True
Is 285 a factor of 37944?
False
Is 684 a multiple of 27?
False
Is 5 a factor of 8170?
True
Does 23 divide 115?
True
Is 11474 a multiple of 28?
False
Is 15620 a multiple of 55?
True
Does 40 divide 1858?
False
Does 49 divide 9555?
True
Does 23 divide 2691?
True
Does 64 divide 9355?
False
Is 33 a factor of 594?
True
Does 50 divide 200?
True
Is 896 a multiple of 16?
True
Does 8 divide 2261?
False
Is 12 a factor of 4425?
False
Does 77 divide 1991?
False
Is 1025 a multiple of 5?
True
Is 41 a factor of 61254?
True
Does 16 divide 5165?
False
Is 139 a factor of 4539?
False
Does 40 divide 177?
False
Is 17 a factor of 663?
True
Is 12 a factor of 1704?
True
Is 57 a factor of 855?
True
Is 97 a factor of 40794?
False
Does 44 divide 16832?
False
Is 1345 a multiple of 70?
False
Is 291 a factor of 46851?
True
Does 27 divide 131892?
False
Is 1066 a multiple of 13?
True
Does 7 divide 101?
False
Does 45 divide 207?
False
Does 7 divide 5229?
True
Is 177 a multiple of 2?
False
Is 6 a factor of 42?
True
Does 9 divide 9999?
True
Does 6 divide 28572?
True
Is 2368 a multiple of 16?
True
Is 475 a multiple of 6?
False
Does 87 divide 1009?
False
Does 38 divide 6916?
True
Is 6132 a multiple of 42?
True
Is 22 a factor of 22902?
True
Is 7224 a multiple of 2?
True
Is 156 a multiple of 58?
False
Is 8540 a multiple of 10?
True
Does 123 divide 5658?
True
Is 6 a factor of 792?
True
Does 207 divide 32706?
True
Is 24672 a multiple of 16?
True
Is 5 a factor of 3995?
True
Is 6 a factor of 540?
True
Is 2 a factor of 68?
True
Does 28 divide 1932?
True
Is 2249 a multiple of 50?
False
Is 6 a factor of 1569?
False
Is 1981 a multiple of 37?
False
Is 216 a multiple of 3?
True
Is 23 a factor of 782?
True
Is 169 a multiple of 11?
False
Does 8 divide 3022?
False
Is 9438 a multiple of 11?
True
Is 3258 a multiple of 21?
False
Does 10 divide 8550?
True
Does 107 divide 749?
True
Is 12 a factor of 737?
False
Is 1155 a multiple of 77?
True
Does 16 divide 4101?
False
Is 4896 a multiple of 51?
True
Does 16 divide 2000?
True
Is 720 a multiple of 24?
True
Is 19344 a multiple of 48?
True
Is 28 a factor of 12000?
False
Is 93 a factor of 2604?
True
Does 30 divide 69510?
True
Does 84 divide 16128?
True
Is 9 a factor of 757?
False
Is 4262 a multiple of 64?
False
Does 32 divide 13504?
True
Does 174 divide 5401?
False
Does 3 divide 2791?
False
Does 8 divide 820?
False
Is 13 a factor of 15104?
False
Does 16 divide 560?
True
Is 924 a multiple of 28?
True
Is 7393 a multiple of 2?
False
Is 123 a factor of 1582?
False
Is 220 a multiple of 10?
True
Is 14355 a multiple of 42?
False
Is 78414 a multiple of 229?
False
Is 24581 a multiple of 19?
False
Is 36 even?
True
Does 219 divide 25842?
True
Is 36 a factor of 576?
True
Is 9490 a multiple of 47?
False
Is 44 a factor of 9874?
False
Is 4 a factor of 2376?
True
Is 17 a factor of 385?
False
Is 833 a multiple of 72?
False
Is 26 a factor of 597?
False
Does 3 divide 19?
False
Does 32 divide 1244?
False
Is 68919 a multiple of 15?
False
Is 2817 a multiple of 9?
True
Is 11685 a multiple of 20?
False
Is 2556 a multiple of 37?
False
Does 15 divide 270?
True
Is 113 a factor of 41254?
False
Does 16 divide 1888